prime number?
True
Is 71172217913 a composite number?
False
Is 446963009 a prime number?
True
Is 191576809 prime?
True
Is 3421987721 composite?
False
Is 232103519 a prime number?
False
Is 1151056787 composite?
True
Is 65871386543 a prime number?
True
Is 1824756641 composite?
False
Is 5237414891 a composite number?
False
Is 36170616173 composite?
True
Is 1822341373 composite?
False
Is 1117212791 a composite number?
True
Is 1340105297 a composite number?
False
Is 1965973567 a prime number?
False
Is 95064208817 a prime number?
False
Is 1136042923 a composite number?
False
Is 122077229 a prime number?
False
Is 14058089489 a composite number?
True
Is 5173259131 prime?
False
Is 182989637 a composite number?
False
Is 2410830011 prime?
True
Is 37180014181 a prime number?
False
Is 54232961 a prime number?
True
Is 119569481263 prime?
False
Is 8480289229 composite?
False
Is 5353833689 composite?
False
Is 60662960581 prime?
False
Is 20336962321 a prime number?
False
Is 4720382647 a prime number?
False
Is 425371123 composite?
False
Is 400411927 a prime number?
True
Is 1025020733 prime?
False
Is 130118500781 composite?
False
Is 294588907 a composite number?
True
Is 4980134837 a composite number?
False
Is 4403403437 a prime number?
True
Is 15688882457 a composite number?
False
Is 23418830401 a composite number?
True
Is 361693793 a prime number?
True
Is 2781617 prime?
True
Is 324257347 prime?
True
Is 25454914129 a prime number?
True
Is 805285769 composite?
True
Is 71785718659 a composite number?
False
Is 141111749219 composite?
True
Is 802280701 composite?
False
Is 1787247487 prime?
True
Is 8299910141 prime?
True
Is 2080094801 a composite number?
False
Is 2895166247 prime?
True
Is 48544074587 a prime number?
True
Is 39222572483 prime?
True
Is 34186746353 a composite number?
True
Is 17357116639 prime?
True
Is 14862326201 prime?
False
Is 2931986747 composite?
True
Is 25574815403 a prime number?
False
Is 92427329 composite?
False
Is 2549682337 prime?
False
Is 19850568833 composite?
False
Is 588826913 a composite number?
False
Is 689775649 a prime number?
True
Is 428087509 a prime number?
True
Is 6383541937 composite?
False
Is 13614871157 composite?
False
Is 68300998629 prime?
False
Is 42950914453 a composite number?
False
Is 143944262139 a composite number?
True
Is 141380893 a composite number?
False
Is 16373073371 a prime number?
False
Is 2312395763 composite?
True
Is 20912102381 a composite number?
True
Is 32928282307 composite?
False
Is 6388491511 a prime number?
False
Is 2093715341 a composite number?
False
Is 5417995031 prime?
False
Is 1459849927 a prime number?
False
Is 39041376951 a composite number?
True
Is 23518052713 a composite number?
True
Is 3097793269 prime?
False
Is 66294006127 prime?
True
Is 5075870753 a prime number?
True
Is 3877108603 a composite number?
True
Is 828841867 a prime number?
False
Is 3144779513 prime?
True
Is 5929472779 composite?
False
Is 28051567351 a composite number?
True
Is 553687949 a composite number?
True
Is 14923996513 a prime number?
True
Is 224832217279 prime?
False
Is 3103720897 a prime number?
False
Is 174579059 a composite number?
False
Is 69979542653 composite?
True
Is 200830219 a composite number?
True
Is 50862481 prime?
True
Is 14312115382 composite?
True
Is 1099518869 a composite number?
True
Is 28999930649 a prime number?
True
Is 10553890999 composite?
False
Is 20363098843 a composite number?
True
Is 922427381 a prime number?
True
Is 1450132493 a prime number?
True
Is 18887668271 a prime number?
True
Is 12567231057 composite?
True
Is 1085660119 prime?
True
Is 46437958757 prime?
False
Is 247283453 a composite number?
False
Is 1368434467 prime?
True
Is 114266972417 a prime number?
False
Is 78766547 composite?
False
Is 358051081 composite?
True
Is 13591554827 a composite number?
False
Is 11591858077 a prime number?
True
Is 190129297 composite?
False
Is 376513001 a prime number?
True
Is 37407247481 prime?
False
Is 10871573891 a prime number?
False
Is 353372029 a composite number?
False
Is 132292383949 composite?
True
Is 272177357 a composite number?
True
Is 939675507 prime?
False
Is 14195531281 a prime number?
True
Is 899998189 prime?
False
Is 1854872029 a composite number?
True
Is 3373795283 a composite number?
True
Is 106476157 a composite number?
False
Is 51374206877 composite?
True
Is 26957334709 composite?
False
Is 1221320687 composite?
True
Is 151873489 a prime number?
True
Is 22127507 prime?
True
Is 71230771 a composite number?
True
Is 29705729293 a prime number?
True
Is 532173947 composite?
False
Is 7466544307 a prime number?
False
Is 43111229437 composite?
False
Is 16138413131 composite?
False
Is 564479579 prime?
False
Is 35860145 a composite number?
True
Is 8977814333 composite?
False
Is 65116480057 a composite number?
True
Is 1100412847 composite?
False
Is 118580669 a prime number?
True
Is 3645858679 a prime number?
True
Is 1470301939 prime?
False
Is 7361747 a composite number?
True
Is 246041293 a composite number?
False
Is 694087129 a prime number?
True
Is 86708366 composite?
True
Is 16480001 composite?
False
Is 11702172689 a prime number?
True
Is 577100807 a prime number?
False
Is 3070872107 a composite number?
False
Is 3921055559 a composite number?
True
Is 1334250809 a composite number?
True
Is 11118927233 composite?
False
Is 844823981 prime?
True
Is 4258440737 composite?
False
Is 15821801387 composite?
True
Is 618640297 composite?
True
Is 5923580227 composite?
False
Is 10564618439 a prime number?
False
Is 3096793859 a prime number?
False
Is 1079894139 a prime number?
False
Is 9100725631 prime?
True
Is 98578267823 prime?
False
Is 3253390309 a prime number?
False
Is 20062793147 composite?
True
Is 735537787 composite?
False
Is 1203845891 a prime number?
False
Is 470355673 a prime number?
True
Is 874177597 a prime number?
True
Is 30864881 prime?
True
Is 357156038051 a composite number?
False
Is 1021071481 composite?
True
Is 2028197647 a prime number?
False
Is 11945185727 a composite number?
True
Is 41467033 a composite number?
False
Is 38239030217 composite?
False
Is 63368959 composite?
False
Is 22600471741 composite?
False
Is 18213552271 prime?
False
Is 4936988737 prime?
True
Is 11199925237 composite?
False
Is 1023494239 a prime number?
False
Is 2406645845 composite?
True
Is 154188253 prime?
False
Is 236519953 a prime number?
True
Is 496861386981 composite?
True
Is 47063032283 prime?
False
Is 2078356349 prime?
False
Is 431249033 prime?
False
Is 31044303599 prime?
False
Is 4747470521 composite?
False
Is 342718933 composite?
False
Is 1770799409 composite?
False
Is 1077331501 composite?
True
Is 8668315829 a prime number?
True
Is 96335632961 a composite number?
False
Is 491926277 a prime number?
False
Is 7288034017 composite?
True
Is 104262551 prime?
False
Is 20882875733 composite?
True
Is 2076859639 composite?
True
Is 407564623 prime?
False
Is 1728236863 prime?
True
Is 1008157967 a composite number?
True
Is 13768600331 a composite number?
True
Is 4960290977 prime?
False
Is 438300659 a composite number?
False
Is 1670853467 a prime number?
True
Is 291907288615 a prime number?
False
Is 8560765069 a composite number?
True
Is 1929146203 a composite number?
True
Is 1401280269 a prime number?
False
Is 2347114157 prime?
False
Is 3242128763 a prime number?
False
Is 15195697903 composite?
False
Is 2225212291 a prime number?
True
Is 322178861 prime?
False
Is 16137361103 a prime number?
False
Is 3634907791 composite?
False
Is 4989009301 a prime number?
True
Is 2877728309 a composite number?
False
Is 9669298667 a prime number?
False
Is 86405747 prime?
False
Is 4354496581 prime?
True
Is 10702911097 a composite number?
False
Is 823155967 prime?
True
Is 30507813242 a composite number?
True
Is 1933108921 prime?
True
Is 2659027009 prime?
False
Is 33356131 a prime number?
False
Is 4574444857 prime?
True
Is 58740447151 a composite number?
False
Is 2855447591 a prime number?
False
Is 1310830973 a composite number?
True
Is 85441061 prime?
False
Is 2410616261 a prime number?
True
Is 293620069 composite?
False
Is 4090178003 composite?
False
Is 31349879311 a composite number?
False
Is 32234741833 a prime number?
False
Is 127686151 prime?
True
Is 10870987019 prime?
True
Is 257332243 a prime number?
False
Is 32675440307 prime?
T